{"version":"1.0","provider_name":"Association Francophone Contre La Polychondrite Chronique Atrophiante","provider_url":"https:\/\/afpca.fr\/site","author_name":"webmaster_afpca","author_url":"https:\/\/afpca.fr\/site\/author\/webmaster_afpca\/","title":"pr\u00e9sentation AG 2015 - Association Francophone Contre La Polychondrite Chronique Atrophiante","type":"rich","width":600,"height":338,"html":"<blockquote class=\"wp-embedded-content\" data-secret=\"ynfY36LeMX\"><a href=\"https:\/\/afpca.fr\/site\/espace-adherent-afpca\/archives\/presentation-ag-2015\/\">pr\u00e9sentation AG 2015<\/a><\/blockquote><iframe sandbox=\"allow-scripts\" security=\"restricted\" src=\"https:\/\/afpca.fr\/site\/espace-adherent-afpca\/archives\/presentation-ag-2015\/embed\/#?secret=ynfY36LeMX\" width=\"600\" height=\"338\" title=\"\u00ab\u00a0pr\u00e9sentation AG 2015\u00a0\u00bb &#8212; Association Francophone Contre La Polychondrite Chronique Atrophiante\" data-secret=\"ynfY36LeMX\" frameborder=\"0\" marginwidth=\"0\" marginheight=\"0\" scrolling=\"no\" class=\"wp-embedded-content\"><\/iframe><script type=\"text\/javascript\">\n\/* <![CDATA[ *\/\n\/*! This file is auto-generated *\/\n!function(d,l){\"use strict\";l.querySelector&&d.addEventListener&&\"undefined\"!=typeof URL&&(d.wp=d.wp||{},d.wp.receiveEmbedMessage||(d.wp.receiveEmbedMessage=function(e){var t=e.data;if((t||t.secret||t.message||t.value)&&!\/[^a-zA-Z0-9]\/.test(t.secret)){for(var s,r,n,a=l.querySelectorAll('iframe[data-secret=\"'+t.secret+'\"]'),o=l.querySelectorAll('blockquote[data-secret=\"'+t.secret+'\"]'),c=new RegExp(\"^https?:$\",\"i\"),i=0;i<o.length;i++)o[i].style.display=\"none\";for(i=0;i<a.length;i++)s=a[i],e.source===s.contentWindow&&(s.removeAttribute(\"style\"),\"height\"===t.message?(1e3<(r=parseInt(t.value,10))?r=1e3:~~r<200&&(r=200),s.height=r):\"link\"===t.message&&(r=new URL(s.getAttribute(\"src\")),n=new URL(t.value),c.test(n.protocol))&&n.host===r.host&&l.activeElement===s&&(d.top.location.href=t.value))}},d.addEventListener(\"message\",d.wp.receiveEmbedMessage,!1),l.addEventListener(\"DOMContentLoaded\",function(){for(var e,t,s=l.querySelectorAll(\"iframe.wp-embedded-content\"),r=0;r<s.length;r++)(t=(e=s[r]).getAttribute(\"data-secret\"))||(t=Math.random().toString(36).substring(2,12),e.src+=\"#?secret=\"+t,e.setAttribute(\"data-secret\",t)),e.contentWindow.postMessage({message:\"ready\",secret:t},\"*\")},!1)))}(window,document);\n\/\/# sourceURL=https:\/\/afpca.fr\/site\/wp-includes\/js\/wp-embed.min.js\n\/* ]]> *\/\n<\/script>\n","description":"Pr\u00e9sentation Dr Mathian Alexis\u00a0: actualit\u00e9s dans la PCA (CHU de APHP de la Piti\u00e9-Salp\u00eatri\u00e8re) \u2013&gt; voir la pr\u00e9sentation sur les actualit\u00e9s de 2015 (tomoscintigraphie par \u00e9mission de positons (TEP) dans la PCA et les bioth\u00e9rapies) La tomoscintigraphie par \u00e9mission de positons (TEP) dans la PCA Fixation sur les r\u00e9gions \u00ab inflamm\u00e9es (cartilages, paroi des vaisseaux, [&hellip;]"}

présentation AG 2015 - Association Francophone Contre La Polychondrite Chronique Atrophiante

<blockquote class="wp-embedded-content" data-secret="ynfY36LeMX"><a href="https://afpca.fr/site/espace-adherent-afpca/archives/presentation-ag-2015/">présentation AG 2015</a></blockquote><iframe sandbox="allow-scripts" security="restricted" src="https://afpca.fr/site/espace-adherent-afpca/archives/presentation-ag-2015/embed/#?secret=ynfY36LeMX" width="600" height="338" title="« présentation AG 2015 » &#8212; Association Francophone Contre La Polychondrite Chronique Atrophiante" data-secret="ynfY36LeMX" frameborder="0" marginwidth="0" marginheight="0" scrolling="no" class="wp-embedded-content"></iframe><script type="text/javascript">
/* <![CDATA[ */
/*! This file is auto-generated */
!function(d,l){"use strict";l.querySelector&&d.addEventListener&&"undefined"!=typeof URL&&(d.wp=d.wp||{},d.wp.receiveEmbedMessage||(d.wp.receiveEmbedMessage=function(e){var t=e.data;if((t||t.secret||t.message||t.value)&&!/[^a-zA-Z0-9]/.test(t.secret)){for(var s,r,n,a=l.querySelectorAll('iframe[data-secret="'+t.secret+'"]'),o=l.querySelectorAll('blockquote[data-secret="'+t.secret+'"]'),c=new RegExp("^https?:$","i"),i=0;i<o.length;i++)o[i].style.display="none";for(i=0;i<a.length;i++)s=a[i],e.source===s.contentWindow&&(s.removeAttribute("style"),"height"===t.message?(1e3<(r=parseInt(t.value,10))?r=1e3:~~r<200&&(r=200),s.height=r):"link"===t.message&&(r=new URL(s.getAttribute("src")),n=new URL(t.value),c.test(n.protocol))&&n.host===r.host&&l.activeElement===s&&(d.top.location.href=t.value))}},d.addEventListener("message",d.wp.receiveEmbedMessage,!1),l.addEventListener("DOMContentLoaded",function(){for(var e,t,s=l.querySelectorAll("iframe.wp-embedded-content"),r=0;r<s.length;r++)(t=(e=s[r]).getAttribute("data-secret"))||(t=Math.random().toString(36).substring(2,12),e.src+="#?secret="+t,e.setAttribute("data-secret",t)),e.contentWindow.postMessage({message:"ready",secret:t},"*")},!1)))}(window,document);
//# sourceURL=https://afpca.fr/site/wp-includes/js/wp-embed.min.js
/* ]]> */
</script>

Présentation Dr Mathian Alexis : actualités dans la PCA (CHU de APHP de la Pitié-Salpêtrière) –&gt; voir la présentation sur les actualités de 2015 (tomoscintigraphie par émission de positons (TEP) dans la PCA et les biothérapies) La tomoscintigraphie par émission de positons (TEP) dans la PCA Fixation sur les régions « inflammées (cartilages, paroi des vaisseaux, [&hellip;]
