{"version":"1.0","provider_name":"Association Francophone Contre La Polychondrite Chronique Atrophiante","provider_url":"https:\/\/afpca.fr\/site","author_name":"webmaster_afpca","author_url":"https:\/\/afpca.fr\/site\/author\/webmaster_afpca\/","title":"Qui sommes-nous ? - Association Francophone Contre La Polychondrite Chronique Atrophiante","type":"rich","width":600,"height":338,"html":"<blockquote class=\"wp-embedded-content\" data-secret=\"NqPLXJgsUB\"><a href=\"https:\/\/afpca.fr\/site\/qui-sommes-nous\/\">Qui sommes-nous ?<\/a><\/blockquote><iframe sandbox=\"allow-scripts\" security=\"restricted\" src=\"https:\/\/afpca.fr\/site\/qui-sommes-nous\/embed\/#?secret=NqPLXJgsUB\" width=\"600\" height=\"338\" title=\"\u00ab\u00a0Qui sommes-nous ?\u00a0\u00bb &#8212; Association Francophone Contre La Polychondrite Chronique Atrophiante\" data-secret=\"NqPLXJgsUB\" frameborder=\"0\" marginwidth=\"0\" marginheight=\"0\" scrolling=\"no\" class=\"wp-embedded-content\"><\/iframe><script type=\"text\/javascript\">\n\/* <![CDATA[ *\/\n\/*! This file is auto-generated *\/\n!function(d,l){\"use strict\";l.querySelector&&d.addEventListener&&\"undefined\"!=typeof URL&&(d.wp=d.wp||{},d.wp.receiveEmbedMessage||(d.wp.receiveEmbedMessage=function(e){var t=e.data;if((t||t.secret||t.message||t.value)&&!\/[^a-zA-Z0-9]\/.test(t.secret)){for(var s,r,n,a=l.querySelectorAll('iframe[data-secret=\"'+t.secret+'\"]'),o=l.querySelectorAll('blockquote[data-secret=\"'+t.secret+'\"]'),c=new RegExp(\"^https?:$\",\"i\"),i=0;i<o.length;i++)o[i].style.display=\"none\";for(i=0;i<a.length;i++)s=a[i],e.source===s.contentWindow&&(s.removeAttribute(\"style\"),\"height\"===t.message?(1e3<(r=parseInt(t.value,10))?r=1e3:~~r<200&&(r=200),s.height=r):\"link\"===t.message&&(r=new URL(s.getAttribute(\"src\")),n=new URL(t.value),c.test(n.protocol))&&n.host===r.host&&l.activeElement===s&&(d.top.location.href=t.value))}},d.addEventListener(\"message\",d.wp.receiveEmbedMessage,!1),l.addEventListener(\"DOMContentLoaded\",function(){for(var e,t,s=l.querySelectorAll(\"iframe.wp-embedded-content\"),r=0;r<s.length;r++)(t=(e=s[r]).getAttribute(\"data-secret\"))||(t=Math.random().toString(36).substring(2,12),e.src+=\"#?secret=\"+t,e.setAttribute(\"data-secret\",t)),e.contentWindow.postMessage({message:\"ready\",secret:t},\"*\")},!1)))}(window,document);\n\/\/# sourceURL=https:\/\/afpca.fr\/site\/wp-includes\/js\/wp-embed.min.js\n\/* ]]> *\/\n<\/script>\n","description":"Nos missions Rassembler les malades atteints de la polychondrite chronique atrophiante (PCA) et leurs familles en France et dans les pays francophones. Informer le public, le corps m\u00e9dical et les autorit\u00e9s sanitaires et sociales, de fa\u00e7on \u00e0 am\u00e9liorer le diagnostic et fait reconna\u00eetre l\u2019existence de la PCA et sa sp\u00e9cificit\u00e9 au sein des maladies rares. [&hellip;]","thumbnail_url":"https:\/\/afpca.fr\/site\/wp-content\/uploads\/2023\/11\/organigrammeafpca.png"}

Nos missions Rassembler les malades atteints de la polychondrite chronique atrophiante (PCA) et leurs familles en France et dans les pays francophones. Informer le public, le corps médical et les autorités sanitaires et sociales, de façon à améliorer le diagnostic et fait reconnaître l’existence de la PCA et sa spécificité au sein des maladies rares. [&hellip;]
