{"id":1281,"date":"2021-03-23T14:08:42","date_gmt":"2021-03-23T13:08:42","guid":{"rendered":"http:\/\/afpcahome\/site\/?page_id=1281"},"modified":"2024-01-23T17:57:54","modified_gmt":"2024-01-23T16:57:54","slug":"mentions-legales","status":"publish","type":"page","link":"https:\/\/afpca.fr\/site\/mentions-legales\/","title":{"rendered":"Mentions l\u00e9gales"},"content":{"rendered":"\t\t<div data-elementor-type=\"wp-page\" data-elementor-id=\"1281\" class=\"elementor elementor-1281\">\n\t\t\t\t\t\t<section class=\"elementor-section elementor-top-section elementor-element elementor-element-26d353a elementor-section-boxed elementor-section-height-default elementor-section-height-default\" data-id=\"26d353a\" data-element_type=\"section\" data-e-type=\"section\">\n\t\t\t\t\t\t<div class=\"elementor-container elementor-column-gap-default\">\n\t\t\t\t\t<div class=\"elementor-column elementor-col-100 elementor-top-column elementor-element elementor-element-0c272ab\" data-id=\"0c272ab\" data-element_type=\"column\" data-e-type=\"column\">\n\t\t\t<div class=\"elementor-widget-wrap elementor-element-populated\">\n\t\t\t\t\t\t<div class=\"elementor-element elementor-element-569b26f elementor-widget elementor-widget-text-editor\" data-id=\"569b26f\" data-element_type=\"widget\" data-e-type=\"widget\" data-widget_type=\"text-editor.default\">\n\t\t\t\t<div class=\"elementor-widget-container\">\n\t\t\t\t\t\t\t\t\t<p>Mentions l\u00e9gales du site Association Francophone Contre la Polychondrite Chronique Atrophiante<\/p>\n<p>Association Francophone Contre la Polychondrite Chronique Atrophiante<\/p>\n<p><strong>AFPCA<\/strong> <br>Chez Madame Pascale GOUTTE &#8211; Pr\u00e9sidente <br>6 impasse de la Friaude <br>42400 SAINT-CHAMOND<\/p>\n<p><a href=\"mailto:tresoriere@afpca.fr\"><strong>presidente@afpca.fr<\/strong><\/a><\/p>\n<p>Responsable de publication : <br>Le Cam Jo\u00ebl<br><strong><a href=\"mailto:webmaster@afpca.fr\">webmaster@afpca.fr<\/a><\/strong><\/p>\n<p>H\u00e9bergeur :<\/p>\n<p><strong><a href=\"https:\/\/www.lws.fr\/\">LWS<\/a><\/strong> (Ligne Web Services) &#8211; RCS Paris B 851 993 683 00024<br>Capital de 500 000 Euros<\/p>\t\t\t\t\t\t\t\t<\/div>\n\t\t\t\t<\/div>\n\t\t\t\t<div class=\"elementor-element elementor-element-a3ba8a2 elementor-drop-cap-yes elementor-drop-cap-view-default elementor-widget elementor-widget-text-editor\" data-id=\"a3ba8a2\" data-element_type=\"widget\" data-e-type=\"widget\" data-settings=\"{&quot;drop_cap&quot;:&quot;yes&quot;}\" data-widget_type=\"text-editor.default\">\n\t\t\t\t<div class=\"elementor-widget-container\">\n\t\t\t\t\t\t\t\t\t<p>Bienvenue sur le site de l&#8217;Association Francophone contre la Polychondrite Chronique Atrophiante (AFPCA). Cr\u00e9\u00e9e le 14 mai 2007, l&#8217;AFPCA est une association \u00e0 but non lucratif r\u00e9gie par la loi de 1901. Elle a pour objectif de faire conna\u00eetre la maladie pour mieux la combattre.<\/p><p>Gr\u00e2ce \u00e0 ce site, vous pourrez obtenir des informations sur cette pathologie ainsi que des conseils, des informations sur les \u00e9v\u00e8nements \u00e0 venir, ou encore des contacts utiles pour les diff\u00e9rents diagnostics.\u00a0<\/p>\t\t\t\t\t\t\t\t<\/div>\n\t\t\t\t<\/div>\n\t\t\t\t\t<\/div>\n\t\t<\/div>\n\t\t\t\t\t<\/div>\n\t\t<\/section>\n\t\t\t\t<\/div>\n\t\t","protected":false},"excerpt":{"rendered":"<p>Mentions l\u00e9gales du site Association Francophone Contre la Polychondrite Chronique Atrophiante Association Francophone Contre la Polychondrite Chronique Atrophiante AFPCA Chez Madame Pascale GOUTTE &#8211; Pr\u00e9sidente 6 impasse de la Friaude 42400 SAINT-CHAMOND presidente@afpca.fr Responsable de publication : Le Cam Jo\u00eblwebmaster@afpca.fr H\u00e9bergeur : LWS (Ligne Web Services) &#8211; RCS Paris B 851 993 683 00024Capital de [&hellip;]<\/p>\n","protected":false},"author":10,"featured_media":0,"parent":0,"menu_order":0,"comment_status":"closed","ping_status":"closed","template":"","meta":{"footnotes":""},"class_list":["post-1281","page","type-page","status-publish","hentry","post"],"yoast_head":"<!-- This site is optimized with the Yoast SEO plugin v27.4 - https:\/\/yoast.com\/product\/yoast-seo-wordpress\/ -->\n<title>Mentions l\u00e9gales - Association Francophone Contre La Polychondrite Chronique Atrophiante<\/title>\n<meta name=\"robots\" content=\"index, follow, max-snippet:-1, max-image-preview:large, max-video-preview:-1\" \/>\n<link rel=\"canonical\" href=\"https:\/\/afpca.fr\/site\/mentions-legales\/\" \/>\n<meta property=\"og:locale\" content=\"fr_FR\" \/>\n<meta property=\"og:type\" content=\"article\" \/>\n<meta property=\"og:title\" content=\"Mentions l\u00e9gales - Association Francophone Contre La Polychondrite Chronique Atrophiante\" \/>\n<meta property=\"og:description\" content=\"Mentions l\u00e9gales du site Association Francophone Contre la Polychondrite Chronique Atrophiante Association Francophone Contre la Polychondrite Chronique Atrophiante AFPCA Chez Madame Pascale GOUTTE &#8211; Pr\u00e9sidente 6 impasse de la Friaude 42400 SAINT-CHAMOND presidente@afpca.fr Responsable de publication : Le Cam Jo\u00eblwebmaster@afpca.fr H\u00e9bergeur : LWS (Ligne Web Services) &#8211; RCS Paris B 851 993 683 00024Capital de [&hellip;]\" \/>\n<meta property=\"og:url\" content=\"https:\/\/afpca.fr\/site\/mentions-legales\/\" \/>\n<meta property=\"og:site_name\" content=\"Association Francophone Contre La Polychondrite Chronique Atrophiante\" \/>\n<meta property=\"article:publisher\" content=\"https:\/\/www.facebook.com\/groups\/42710644010\" \/>\n<meta property=\"article:modified_time\" content=\"2024-01-23T16:57:54+00:00\" \/>\n<meta name=\"twitter:card\" content=\"summary_large_image\" \/>\n<meta name=\"twitter:label1\" content=\"Dur\u00e9e de lecture estim\u00e9e\" \/>\n\t<meta name=\"twitter:data1\" content=\"1 minute\" \/>\n<script type=\"application\/ld+json\" class=\"yoast-schema-graph\">{\"@context\":\"https:\\\/\\\/schema.org\",\"@graph\":[{\"@type\":\"WebPage\",\"@id\":\"https:\\\/\\\/afpca.fr\\\/site\\\/mentions-legales\\\/\",\"url\":\"https:\\\/\\\/afpca.fr\\\/site\\\/mentions-legales\\\/\",\"name\":\"Mentions l\u00e9gales - Association Francophone Contre La Polychondrite Chronique Atrophiante\",\"isPartOf\":{\"@id\":\"https:\\\/\\\/afpca.fr\\\/site\\\/#website\"},\"datePublished\":\"2021-03-23T13:08:42+00:00\",\"dateModified\":\"2024-01-23T16:57:54+00:00\",\"breadcrumb\":{\"@id\":\"https:\\\/\\\/afpca.fr\\\/site\\\/mentions-legales\\\/#breadcrumb\"},\"inLanguage\":\"fr-FR\",\"potentialAction\":[{\"@type\":\"ReadAction\",\"target\":[\"https:\\\/\\\/afpca.fr\\\/site\\\/mentions-legales\\\/\"]}]},{\"@type\":\"BreadcrumbList\",\"@id\":\"https:\\\/\\\/afpca.fr\\\/site\\\/mentions-legales\\\/#breadcrumb\",\"itemListElement\":[{\"@type\":\"ListItem\",\"position\":1,\"name\":\"Accueil\",\"item\":\"https:\\\/\\\/afpca.fr\\\/site\\\/\"},{\"@type\":\"ListItem\",\"position\":2,\"name\":\"Mentions l\u00e9gales\"}]},{\"@type\":\"WebSite\",\"@id\":\"https:\\\/\\\/afpca.fr\\\/site\\\/#website\",\"url\":\"https:\\\/\\\/afpca.fr\\\/site\\\/\",\"name\":\"Association Francophone Contre La Polychondrite Chronique Atrophiante\",\"description\":\"Association Francophone Contre La Polychondrite Chronique Atrophiante\",\"publisher\":{\"@id\":\"https:\\\/\\\/afpca.fr\\\/site\\\/#organization\"},\"potentialAction\":[{\"@type\":\"SearchAction\",\"target\":{\"@type\":\"EntryPoint\",\"urlTemplate\":\"https:\\\/\\\/afpca.fr\\\/site\\\/?s={search_term_string}\"},\"query-input\":{\"@type\":\"PropertyValueSpecification\",\"valueRequired\":true,\"valueName\":\"search_term_string\"}}],\"inLanguage\":\"fr-FR\"},{\"@type\":\"Organization\",\"@id\":\"https:\\\/\\\/afpca.fr\\\/site\\\/#organization\",\"name\":\"Association Francophone Contre La Polychondrite Chronique Atrophiante\",\"url\":\"https:\\\/\\\/afpca.fr\\\/site\\\/\",\"logo\":{\"@type\":\"ImageObject\",\"inLanguage\":\"fr-FR\",\"@id\":\"https:\\\/\\\/afpca.fr\\\/site\\\/#\\\/schema\\\/logo\\\/image\\\/\",\"url\":\"https:\\\/\\\/afpca.fr\\\/site\\\/wp-content\\\/uploads\\\/2023\\\/05\\\/LOGO_afpca.png\",\"contentUrl\":\"https:\\\/\\\/afpca.fr\\\/site\\\/wp-content\\\/uploads\\\/2023\\\/05\\\/LOGO_afpca.png\",\"width\":184,\"height\":184,\"caption\":\"Association Francophone Contre La Polychondrite Chronique Atrophiante\"},\"image\":{\"@id\":\"https:\\\/\\\/afpca.fr\\\/site\\\/#\\\/schema\\\/logo\\\/image\\\/\"},\"sameAs\":[\"https:\\\/\\\/www.facebook.com\\\/groups\\\/42710644010\"]}]}<\/script>\n<!-- \/ Yoast SEO plugin. -->","yoast_head_json":{"title":"Mentions l\u00e9gales - Association Francophone Contre La Polychondrite Chronique Atrophiante","robots":{"index":"index","follow":"follow","max-snippet":"max-snippet:-1","max-image-preview":"max-image-preview:large","max-video-preview":"max-video-preview:-1"},"canonical":"https:\/\/afpca.fr\/site\/mentions-legales\/","og_locale":"fr_FR","og_type":"article","og_title":"Mentions l\u00e9gales - Association Francophone Contre La Polychondrite Chronique Atrophiante","og_description":"Mentions l\u00e9gales du site Association Francophone Contre la Polychondrite Chronique Atrophiante Association Francophone Contre la Polychondrite Chronique Atrophiante AFPCA Chez Madame Pascale GOUTTE &#8211; Pr\u00e9sidente 6 impasse de la Friaude 42400 SAINT-CHAMOND presidente@afpca.fr Responsable de publication : Le Cam Jo\u00eblwebmaster@afpca.fr H\u00e9bergeur : LWS (Ligne Web Services) &#8211; RCS Paris B 851 993 683 00024Capital de [&hellip;]","og_url":"https:\/\/afpca.fr\/site\/mentions-legales\/","og_site_name":"Association Francophone Contre La Polychondrite Chronique Atrophiante","article_publisher":"https:\/\/www.facebook.com\/groups\/42710644010","article_modified_time":"2024-01-23T16:57:54+00:00","twitter_card":"summary_large_image","twitter_misc":{"Dur\u00e9e de lecture estim\u00e9e":"1 minute"},"schema":{"@context":"https:\/\/schema.org","@graph":[{"@type":"WebPage","@id":"https:\/\/afpca.fr\/site\/mentions-legales\/","url":"https:\/\/afpca.fr\/site\/mentions-legales\/","name":"Mentions l\u00e9gales - Association Francophone Contre La Polychondrite Chronique Atrophiante","isPartOf":{"@id":"https:\/\/afpca.fr\/site\/#website"},"datePublished":"2021-03-23T13:08:42+00:00","dateModified":"2024-01-23T16:57:54+00:00","breadcrumb":{"@id":"https:\/\/afpca.fr\/site\/mentions-legales\/#breadcrumb"},"inLanguage":"fr-FR","potentialAction":[{"@type":"ReadAction","target":["https:\/\/afpca.fr\/site\/mentions-legales\/"]}]},{"@type":"BreadcrumbList","@id":"https:\/\/afpca.fr\/site\/mentions-legales\/#breadcrumb","itemListElement":[{"@type":"ListItem","position":1,"name":"Accueil","item":"https:\/\/afpca.fr\/site\/"},{"@type":"ListItem","position":2,"name":"Mentions l\u00e9gales"}]},{"@type":"WebSite","@id":"https:\/\/afpca.fr\/site\/#website","url":"https:\/\/afpca.fr\/site\/","name":"Association Francophone Contre La Polychondrite Chronique Atrophiante","description":"Association Francophone Contre La Polychondrite Chronique Atrophiante","publisher":{"@id":"https:\/\/afpca.fr\/site\/#organization"},"potentialAction":[{"@type":"SearchAction","target":{"@type":"EntryPoint","urlTemplate":"https:\/\/afpca.fr\/site\/?s={search_term_string}"},"query-input":{"@type":"PropertyValueSpecification","valueRequired":true,"valueName":"search_term_string"}}],"inLanguage":"fr-FR"},{"@type":"Organization","@id":"https:\/\/afpca.fr\/site\/#organization","name":"Association Francophone Contre La Polychondrite Chronique Atrophiante","url":"https:\/\/afpca.fr\/site\/","logo":{"@type":"ImageObject","inLanguage":"fr-FR","@id":"https:\/\/afpca.fr\/site\/#\/schema\/logo\/image\/","url":"https:\/\/afpca.fr\/site\/wp-content\/uploads\/2023\/05\/LOGO_afpca.png","contentUrl":"https:\/\/afpca.fr\/site\/wp-content\/uploads\/2023\/05\/LOGO_afpca.png","width":184,"height":184,"caption":"Association Francophone Contre La Polychondrite Chronique Atrophiante"},"image":{"@id":"https:\/\/afpca.fr\/site\/#\/schema\/logo\/image\/"},"sameAs":["https:\/\/www.facebook.com\/groups\/42710644010"]}]}},"_links":{"self":[{"href":"https:\/\/afpca.fr\/site\/wp-json\/wp\/v2\/pages\/1281","targetHints":{"allow":["GET"]}}],"collection":[{"href":"https:\/\/afpca.fr\/site\/wp-json\/wp\/v2\/pages"}],"about":[{"href":"https:\/\/afpca.fr\/site\/wp-json\/wp\/v2\/types\/page"}],"author":[{"embeddable":true,"href":"https:\/\/afpca.fr\/site\/wp-json\/wp\/v2\/users\/10"}],"replies":[{"embeddable":true,"href":"https:\/\/afpca.fr\/site\/wp-json\/wp\/v2\/comments?post=1281"}],"version-history":[{"count":0,"href":"https:\/\/afpca.fr\/site\/wp-json\/wp\/v2\/pages\/1281\/revisions"}],"wp:attachment":[{"href":"https:\/\/afpca.fr\/site\/wp-json\/wp\/v2\/media?parent=1281"}],"curies":[{"name":"wp","href":"https:\/\/api.w.org\/{rel}","templated":true}]}}

Mentions légales

<div data-elementor-type="wp-page" data-elementor-id="1281" class="elementor elementor-1281">
						<section class="elementor-section elementor-top-section elementor-element elementor-element-26d353a elementor-section-boxed elementor-section-height-default elementor-section-height-default" data-id="26d353a" data-element_type="section" data-e-type="section">
						<div class="elementor-container elementor-column-gap-default">
					<div class="elementor-column elementor-col-100 elementor-top-column elementor-element elementor-element-0c272ab" data-id="0c272ab" data-element_type="column" data-e-type="column">
			<div class="elementor-widget-wrap elementor-element-populated">
						<div class="elementor-element elementor-element-569b26f elementor-widget elementor-widget-text-editor" data-id="569b26f" data-element_type="widget" data-e-type="widget" data-widget_type="text-editor.default">
				<div class="elementor-widget-container">
									<p>Mentions légales du site Association Francophone Contre la Polychondrite Chronique Atrophiante</p>
<p>Association Francophone Contre la Polychondrite Chronique Atrophiante</p>
<p><strong>AFPCA</strong> <br>Chez Madame Pascale GOUTTE &#8211; Présidente <br>6 impasse de la Friaude <br>42400 SAINT-CHAMOND</p>
<p><a href="mailto:tresoriere@afpca.fr"><strong>presidente@afpca.fr</strong></a></p>
<p>Responsable de publication : <br>Le Cam Joël<br><strong><a href="mailto:webmaster@afpca.fr">webmaster@afpca.fr</a></strong></p>
<p>Hébergeur :</p>
<p><strong><a href="https://www.lws.fr/">LWS</a></strong> (Ligne Web Services) &#8211; RCS Paris B 851 993 683 00024<br>Capital de 500 000 Euros</p>								</div>
				</div>
				<div class="elementor-element elementor-element-a3ba8a2 elementor-drop-cap-yes elementor-drop-cap-view-default elementor-widget elementor-widget-text-editor" data-id="a3ba8a2" data-element_type="widget" data-e-type="widget" data-settings="{&quot;drop_cap&quot;:&quot;yes&quot;}" data-widget_type="text-editor.default">
				<div class="elementor-widget-container">
									<p>Bienvenue sur le site de l&#8217;Association Francophone contre la Polychondrite Chronique Atrophiante (AFPCA). Créée le 14 mai 2007, l&#8217;AFPCA est une association à but non lucratif régie par la loi de 1901. Elle a pour objectif de faire connaître la maladie pour mieux la combattre.</p><p>Grâce à ce site, vous pourrez obtenir des informations sur cette pathologie ainsi que des conseils, des informations sur les évènements à venir, ou encore des contacts utiles pour les différents diagnostics. </p>								</div>
				</div>
					</div>
		</div>
					</div>
		</section>
				</div>

<p>Mentions légales du site Association Francophone Contre la Polychondrite Chronique Atrophiante Association Francophone Contre la Polychondrite Chronique Atrophiante AFPCA Chez Madame Pascale GOUTTE &#8211; Présidente 6 impasse de la Friaude 42400 SAINT-CHAMOND presidente@afpca.fr Responsable de publication : Le Cam Joëlwebmaster@afpca.fr Hébergeur : LWS (Ligne Web Services) &#8211; RCS Paris B 851 993 683 00024Capital de [&hellip;]</p>

<!-- This site is optimized with the Yoast SEO plugin v27.4 - https://yoast.com/product/yoast-seo-wordpress/ -->
<title>Mentions légales - Association Francophone Contre La Polychondrite Chronique Atrophiante</title>
<meta name="robots" content="index, follow, max-snippet:-1, max-image-preview:large, max-video-preview:-1" />
<link rel="canonical" href="https://afpca.fr/site/mentions-legales/" />
<meta property="og:locale" content="fr_FR" />
<meta property="og:type" content="article" />
<meta property="og:title" content="Mentions légales - Association Francophone Contre La Polychondrite Chronique Atrophiante" />
<meta property="og:description" content="Mentions légales du site Association Francophone Contre la Polychondrite Chronique Atrophiante Association Francophone Contre la Polychondrite Chronique Atrophiante AFPCA Chez Madame Pascale GOUTTE &#8211; Présidente 6 impasse de la Friaude 42400 SAINT-CHAMOND presidente@afpca.fr Responsable de publication : Le Cam Joëlwebmaster@afpca.fr Hébergeur : LWS (Ligne Web Services) &#8211; RCS Paris B 851 993 683 00024Capital de [&hellip;]" />
<meta property="og:url" content="https://afpca.fr/site/mentions-legales/" />
<meta property="og:site_name" content="Association Francophone Contre La Polychondrite Chronique Atrophiante" />
<meta property="article:publisher" content="https://www.facebook.com/groups/42710644010" />
<meta property="article:modified_time" content="2024-01-23T16:57:54+00:00" />
<meta name="twitter:card" content="summary_large_image" />
<meta name="twitter:label1" content="Durée de lecture estimée" />
	<meta name="twitter:data1" content="1 minute" />
<script type="application/ld+json" class="yoast-schema-graph">{"@context":"https:\/\/schema.org","@graph":[{"@type":"WebPage","@id":"https:\/\/afpca.fr\/site\/mentions-legales\/","url":"https:\/\/afpca.fr\/site\/mentions-legales\/","name":"Mentions légales - Association Francophone Contre La Polychondrite Chronique Atrophiante","isPartOf":{"@id":"https:\/\/afpca.fr\/site\/#website"},"datePublished":"2021-03-23T13:08:42+00:00","dateModified":"2024-01-23T16:57:54+00:00","breadcrumb":{"@id":"https:\/\/afpca.fr\/site\/mentions-legales\/#breadcrumb"},"inLanguage":"fr-FR","potentialAction":[{"@type":"ReadAction","target":["https:\/\/afpca.fr\/site\/mentions-legales\/"]}]},{"@type":"BreadcrumbList","@id":"https:\/\/afpca.fr\/site\/mentions-legales\/#breadcrumb","itemListElement":[{"@type":"ListItem","position":1,"name":"Accueil","item":"https:\/\/afpca.fr\/site\/"},{"@type":"ListItem","position":2,"name":"Mentions légales"}]},{"@type":"WebSite","@id":"https:\/\/afpca.fr\/site\/#website","url":"https:\/\/afpca.fr\/site\/","name":"Association Francophone Contre La Polychondrite Chronique Atrophiante","description":"Association Francophone Contre La Polychondrite Chronique Atrophiante","publisher":{"@id":"https:\/\/afpca.fr\/site\/#organization"},"potentialAction":[{"@type":"SearchAction","target":{"@type":"EntryPoint","urlTemplate":"https:\/\/afpca.fr\/site\/?s={search_term_string}"},"query-input":{"@type":"PropertyValueSpecification","valueRequired":true,"valueName":"search_term_string"}}],"inLanguage":"fr-FR"},{"@type":"Organization","@id":"https:\/\/afpca.fr\/site\/#organization","name":"Association Francophone Contre La Polychondrite Chronique Atrophiante","url":"https:\/\/afpca.fr\/site\/","logo":{"@type":"ImageObject","inLanguage":"fr-FR","@id":"https:\/\/afpca.fr\/site\/#\/schema\/logo\/image\/","url":"https:\/\/afpca.fr\/site\/wp-content\/uploads\/2023\/05\/LOGO_afpca.png","contentUrl":"https:\/\/afpca.fr\/site\/wp-content\/uploads\/2023\/05\/LOGO_afpca.png","width":184,"height":184,"caption":"Association Francophone Contre La Polychondrite Chronique Atrophiante"},"image":{"@id":"https:\/\/afpca.fr\/site\/#\/schema\/logo\/image\/"},"sameAs":["https:\/\/www.facebook.com\/groups\/42710644010"]}]}</script>
<!-- / Yoast SEO plugin. -->

Mentions légales - Association Francophone Contre La Polychondrite Chronique Atrophiante

Mentions légales du site Association Francophone Contre la Polychondrite Chronique Atrophiante Association Francophone Contre la Polychondrite Chronique Atrophiante AFPCA Chez Madame Pascale GOUTTE &#8211; Présidente 6 impasse de la Friaude 42400 SAINT-CHAMOND presidente@afpca.fr Responsable de publication : Le Cam Joëlwebmaster@afpca.fr Hébergeur : LWS (Ligne Web Services) &#8211; RCS Paris B 851 993 683 00024Capital de [&hellip;]
