{"id":41,"date":"2021-03-11T14:13:22","date_gmt":"2021-03-11T13:13:22","guid":{"rendered":"http:\/\/afpcahome\/site\/?page_id=41"},"modified":"2023-12-18T15:33:11","modified_gmt":"2023-12-18T14:33:11","slug":"mot-du-president","status":"publish","type":"page","link":"https:\/\/afpca.fr\/site\/mot-du-president\/","title":{"rendered":"Mot de la Pr\u00e9sidente"},"content":{"rendered":"\t\t<div data-elementor-type=\"wp-page\" data-elementor-id=\"41\" class=\"elementor elementor-41\">\n\t\t\t\t\t\t<section class=\"elementor-section elementor-top-section elementor-element elementor-element-573853a8 elementor-section-boxed elementor-section-height-default elementor-section-height-default\" data-id=\"573853a8\" data-element_type=\"section\" data-e-type=\"section\">\n\t\t\t\t\t\t<div class=\"elementor-container elementor-column-gap-default\">\n\t\t\t\t\t<div class=\"elementor-column elementor-col-100 elementor-top-column elementor-element elementor-element-58135ef5\" data-id=\"58135ef5\" data-element_type=\"column\" data-e-type=\"column\">\n\t\t\t<div class=\"elementor-widget-wrap elementor-element-populated\">\n\t\t\t\t\t\t<div class=\"elementor-element elementor-element-12e415eb elementor-widget elementor-widget-text-editor\" data-id=\"12e415eb\" data-element_type=\"widget\" data-e-type=\"widget\" data-widget_type=\"text-editor.default\">\n\t\t\t\t<div class=\"elementor-widget-container\">\n\t\t\t\t\t\t\t\t\t<p>En 2007, Gilbert FUZILLIER, Christiane KARAKOGLOU et un petit groupe de malades, soutenus par d\u2019\u00e9minents m\u00e9decins d\u00e9cident de cr\u00e9er l\u2019AFPCA.<\/p>\n<p>Depuis, l\u2019association n\u2019a cess\u00e9 d\u2019\u00e9voluer, elle est aujourd\u2019hui riche d\u2019un bureau compos\u00e9 de dix membres, tous b\u00e9n\u00e9voles. Leur travail acharn\u00e9, leur enthousiasme et leur dynamisme a permis de d\u00e9velopper de nouveaux moyens de communication (site Internet, groupe Facebook, page Instagram, feuillet trimestriel).<\/p>\n<p>L\u2019AFPCA s\u2019est \u00e9galement dot\u00e9e d\u2019un conseil scientifique pr\u00e9sid\u00e9 par le professeur Jean-Charles PIETTE et regroupant des professionnels de plusieurs centres de r\u00e9f\u00e9rences et de comp\u00e9tences.<\/p>\n<p>Notre association est forte de ses adh\u00e9rents et donateurs, toujours plus nombreux au fil des ans et ensemble, je suis convaincue que nous pourrons continuer \u00e0 construire un avenir meilleur pour les malades et \u00e0 faire avancer plus vite la recherche.<\/p>\n<p>Alors, en m\u00e9moire de notre pr\u00e9sident fondateur, je reprends un message d\u2019hier, le sien, \u00e0 nos adh\u00e9rents anciens et nouveaux :<\/p>\n<p style=\"text-align: justify;\"><strong>\u00ab&nbsp;Ensemble, essayons de faire quelque chose&nbsp;\u00bb !<br><\/strong><\/p>\n<p>La pr\u00e9sidente,<\/p>\n<p>Pascale GOUTTE<\/p>\n<p><img decoding=\"async\" class=\"alignnone wp-image-2829\" src=\"https:\/\/afpca.fr\/site\/wp-content\/uploads\/2023\/11\/Capture.png\" alt=\"\" width=\"121\" height=\"145\"><\/p>\n<p style=\"text-align: justify;\">\n<\/p>\t\t\t\t\t\t\t\t<\/div>\n\t\t\t\t<\/div>\n\t\t\t\t\t<\/div>\n\t\t<\/div>\n\t\t\t\t\t<\/div>\n\t\t<\/section>\n\t\t\t\t<\/div>\n\t\t","protected":false},"excerpt":{"rendered":"<p>En 2007, Gilbert FUZILLIER, Christiane KARAKOGLOU et un petit groupe de malades, soutenus par d\u2019\u00e9minents m\u00e9decins d\u00e9cident de cr\u00e9er l\u2019AFPCA. Depuis, l\u2019association n\u2019a cess\u00e9 d\u2019\u00e9voluer, elle est aujourd\u2019hui riche d\u2019un bureau compos\u00e9 de dix membres, tous b\u00e9n\u00e9voles. Leur travail acharn\u00e9, leur enthousiasme et leur dynamisme a permis de d\u00e9velopper de nouveaux moyens de communication (site [&hellip;]<\/p>\n","protected":false},"author":10,"featured_media":0,"parent":0,"menu_order":0,"comment_status":"closed","ping_status":"closed","template":"","meta":{"footnotes":""},"class_list":["post-41","page","type-page","status-publish","hentry","post"],"yoast_head":"<!-- This site is optimized with the Yoast SEO plugin v27.4 - https:\/\/yoast.com\/product\/yoast-seo-wordpress\/ -->\n<title>Mot de la Pr\u00e9sidente - Association Francophone Contre La Polychondrite Chronique Atrophiante<\/title>\n<meta name=\"description\" content=\"Mot de la pr\u00e9sidente de l&#039;AFPCA\" \/>\n<meta name=\"robots\" content=\"index, follow, max-snippet:-1, max-image-preview:large, max-video-preview:-1\" \/>\n<link rel=\"canonical\" href=\"https:\/\/afpca.fr\/site\/mot-du-president\/\" \/>\n<meta property=\"og:locale\" content=\"fr_FR\" \/>\n<meta property=\"og:type\" content=\"article\" \/>\n<meta property=\"og:title\" content=\"Mot de la Pr\u00e9sidente - Association Francophone Contre La Polychondrite Chronique Atrophiante\" \/>\n<meta property=\"og:description\" content=\"Mot de la pr\u00e9sidente de l&#039;AFPCA\" \/>\n<meta property=\"og:url\" content=\"https:\/\/afpca.fr\/site\/mot-du-president\/\" \/>\n<meta property=\"og:site_name\" content=\"Association Francophone Contre La Polychondrite Chronique Atrophiante\" \/>\n<meta property=\"article:publisher\" content=\"https:\/\/www.facebook.com\/groups\/42710644010\" \/>\n<meta property=\"article:modified_time\" content=\"2023-12-18T14:33:11+00:00\" \/>\n<meta property=\"og:image\" content=\"https:\/\/afpca.fr\/site\/wp-content\/uploads\/2023\/11\/Capture.png\" \/>\n<meta name=\"twitter:card\" content=\"summary_large_image\" \/>\n<meta name=\"twitter:label1\" content=\"Dur\u00e9e de lecture estim\u00e9e\" \/>\n\t<meta name=\"twitter:data1\" content=\"1 minute\" \/>\n<script type=\"application\/ld+json\" class=\"yoast-schema-graph\">{\"@context\":\"https:\\\/\\\/schema.org\",\"@graph\":[{\"@type\":\"WebPage\",\"@id\":\"https:\\\/\\\/afpca.fr\\\/site\\\/mot-du-president\\\/\",\"url\":\"https:\\\/\\\/afpca.fr\\\/site\\\/mot-du-president\\\/\",\"name\":\"Mot de la Pr\u00e9sidente - Association Francophone Contre La Polychondrite Chronique Atrophiante\",\"isPartOf\":{\"@id\":\"https:\\\/\\\/afpca.fr\\\/site\\\/#website\"},\"primaryImageOfPage\":{\"@id\":\"https:\\\/\\\/afpca.fr\\\/site\\\/mot-du-president\\\/#primaryimage\"},\"image\":{\"@id\":\"https:\\\/\\\/afpca.fr\\\/site\\\/mot-du-president\\\/#primaryimage\"},\"thumbnailUrl\":\"https:\\\/\\\/afpca.fr\\\/site\\\/wp-content\\\/uploads\\\/2023\\\/11\\\/Capture.png\",\"datePublished\":\"2021-03-11T13:13:22+00:00\",\"dateModified\":\"2023-12-18T14:33:11+00:00\",\"description\":\"Mot de la pr\u00e9sidente de l'AFPCA\",\"breadcrumb\":{\"@id\":\"https:\\\/\\\/afpca.fr\\\/site\\\/mot-du-president\\\/#breadcrumb\"},\"inLanguage\":\"fr-FR\",\"potentialAction\":[{\"@type\":\"ReadAction\",\"target\":[\"https:\\\/\\\/afpca.fr\\\/site\\\/mot-du-president\\\/\"]}]},{\"@type\":\"ImageObject\",\"inLanguage\":\"fr-FR\",\"@id\":\"https:\\\/\\\/afpca.fr\\\/site\\\/mot-du-president\\\/#primaryimage\",\"url\":\"https:\\\/\\\/afpca.fr\\\/site\\\/wp-content\\\/uploads\\\/2023\\\/11\\\/Capture.png\",\"contentUrl\":\"https:\\\/\\\/afpca.fr\\\/site\\\/wp-content\\\/uploads\\\/2023\\\/11\\\/Capture.png\",\"width\":199,\"height\":239},{\"@type\":\"BreadcrumbList\",\"@id\":\"https:\\\/\\\/afpca.fr\\\/site\\\/mot-du-president\\\/#breadcrumb\",\"itemListElement\":[{\"@type\":\"ListItem\",\"position\":1,\"name\":\"Accueil\",\"item\":\"https:\\\/\\\/afpca.fr\\\/site\\\/\"},{\"@type\":\"ListItem\",\"position\":2,\"name\":\"Mot de la Pr\u00e9sidente\"}]},{\"@type\":\"WebSite\",\"@id\":\"https:\\\/\\\/afpca.fr\\\/site\\\/#website\",\"url\":\"https:\\\/\\\/afpca.fr\\\/site\\\/\",\"name\":\"Association Francophone Contre La Polychondrite Chronique Atrophiante\",\"description\":\"Association Francophone Contre La Polychondrite Chronique Atrophiante\",\"publisher\":{\"@id\":\"https:\\\/\\\/afpca.fr\\\/site\\\/#organization\"},\"potentialAction\":[{\"@type\":\"SearchAction\",\"target\":{\"@type\":\"EntryPoint\",\"urlTemplate\":\"https:\\\/\\\/afpca.fr\\\/site\\\/?s={search_term_string}\"},\"query-input\":{\"@type\":\"PropertyValueSpecification\",\"valueRequired\":true,\"valueName\":\"search_term_string\"}}],\"inLanguage\":\"fr-FR\"},{\"@type\":\"Organization\",\"@id\":\"https:\\\/\\\/afpca.fr\\\/site\\\/#organization\",\"name\":\"Association Francophone Contre La Polychondrite Chronique Atrophiante\",\"url\":\"https:\\\/\\\/afpca.fr\\\/site\\\/\",\"logo\":{\"@type\":\"ImageObject\",\"inLanguage\":\"fr-FR\",\"@id\":\"https:\\\/\\\/afpca.fr\\\/site\\\/#\\\/schema\\\/logo\\\/image\\\/\",\"url\":\"https:\\\/\\\/afpca.fr\\\/site\\\/wp-content\\\/uploads\\\/2023\\\/05\\\/LOGO_afpca.png\",\"contentUrl\":\"https:\\\/\\\/afpca.fr\\\/site\\\/wp-content\\\/uploads\\\/2023\\\/05\\\/LOGO_afpca.png\",\"width\":184,\"height\":184,\"caption\":\"Association Francophone Contre La Polychondrite Chronique Atrophiante\"},\"image\":{\"@id\":\"https:\\\/\\\/afpca.fr\\\/site\\\/#\\\/schema\\\/logo\\\/image\\\/\"},\"sameAs\":[\"https:\\\/\\\/www.facebook.com\\\/groups\\\/42710644010\"]}]}<\/script>\n<!-- \/ Yoast SEO plugin. -->","yoast_head_json":{"title":"Mot de la Pr\u00e9sidente - Association Francophone Contre La Polychondrite Chronique Atrophiante","description":"Mot de la pr\u00e9sidente de l'AFPCA","robots":{"index":"index","follow":"follow","max-snippet":"max-snippet:-1","max-image-preview":"max-image-preview:large","max-video-preview":"max-video-preview:-1"},"canonical":"https:\/\/afpca.fr\/site\/mot-du-president\/","og_locale":"fr_FR","og_type":"article","og_title":"Mot de la Pr\u00e9sidente - Association Francophone Contre La Polychondrite Chronique Atrophiante","og_description":"Mot de la pr\u00e9sidente de l'AFPCA","og_url":"https:\/\/afpca.fr\/site\/mot-du-president\/","og_site_name":"Association Francophone Contre La Polychondrite Chronique Atrophiante","article_publisher":"https:\/\/www.facebook.com\/groups\/42710644010","article_modified_time":"2023-12-18T14:33:11+00:00","og_image":[{"url":"https:\/\/afpca.fr\/site\/wp-content\/uploads\/2023\/11\/Capture.png","type":"","width":"","height":""}],"twitter_card":"summary_large_image","twitter_misc":{"Dur\u00e9e de lecture estim\u00e9e":"1 minute"},"schema":{"@context":"https:\/\/schema.org","@graph":[{"@type":"WebPage","@id":"https:\/\/afpca.fr\/site\/mot-du-president\/","url":"https:\/\/afpca.fr\/site\/mot-du-president\/","name":"Mot de la Pr\u00e9sidente - Association Francophone Contre La Polychondrite Chronique Atrophiante","isPartOf":{"@id":"https:\/\/afpca.fr\/site\/#website"},"primaryImageOfPage":{"@id":"https:\/\/afpca.fr\/site\/mot-du-president\/#primaryimage"},"image":{"@id":"https:\/\/afpca.fr\/site\/mot-du-president\/#primaryimage"},"thumbnailUrl":"https:\/\/afpca.fr\/site\/wp-content\/uploads\/2023\/11\/Capture.png","datePublished":"2021-03-11T13:13:22+00:00","dateModified":"2023-12-18T14:33:11+00:00","description":"Mot de la pr\u00e9sidente de l'AFPCA","breadcrumb":{"@id":"https:\/\/afpca.fr\/site\/mot-du-president\/#breadcrumb"},"inLanguage":"fr-FR","potentialAction":[{"@type":"ReadAction","target":["https:\/\/afpca.fr\/site\/mot-du-president\/"]}]},{"@type":"ImageObject","inLanguage":"fr-FR","@id":"https:\/\/afpca.fr\/site\/mot-du-president\/#primaryimage","url":"https:\/\/afpca.fr\/site\/wp-content\/uploads\/2023\/11\/Capture.png","contentUrl":"https:\/\/afpca.fr\/site\/wp-content\/uploads\/2023\/11\/Capture.png","width":199,"height":239},{"@type":"BreadcrumbList","@id":"https:\/\/afpca.fr\/site\/mot-du-president\/#breadcrumb","itemListElement":[{"@type":"ListItem","position":1,"name":"Accueil","item":"https:\/\/afpca.fr\/site\/"},{"@type":"ListItem","position":2,"name":"Mot de la Pr\u00e9sidente"}]},{"@type":"WebSite","@id":"https:\/\/afpca.fr\/site\/#website","url":"https:\/\/afpca.fr\/site\/","name":"Association Francophone Contre La Polychondrite Chronique Atrophiante","description":"Association Francophone Contre La Polychondrite Chronique Atrophiante","publisher":{"@id":"https:\/\/afpca.fr\/site\/#organization"},"potentialAction":[{"@type":"SearchAction","target":{"@type":"EntryPoint","urlTemplate":"https:\/\/afpca.fr\/site\/?s={search_term_string}"},"query-input":{"@type":"PropertyValueSpecification","valueRequired":true,"valueName":"search_term_string"}}],"inLanguage":"fr-FR"},{"@type":"Organization","@id":"https:\/\/afpca.fr\/site\/#organization","name":"Association Francophone Contre La Polychondrite Chronique Atrophiante","url":"https:\/\/afpca.fr\/site\/","logo":{"@type":"ImageObject","inLanguage":"fr-FR","@id":"https:\/\/afpca.fr\/site\/#\/schema\/logo\/image\/","url":"https:\/\/afpca.fr\/site\/wp-content\/uploads\/2023\/05\/LOGO_afpca.png","contentUrl":"https:\/\/afpca.fr\/site\/wp-content\/uploads\/2023\/05\/LOGO_afpca.png","width":184,"height":184,"caption":"Association Francophone Contre La Polychondrite Chronique Atrophiante"},"image":{"@id":"https:\/\/afpca.fr\/site\/#\/schema\/logo\/image\/"},"sameAs":["https:\/\/www.facebook.com\/groups\/42710644010"]}]}},"_links":{"self":[{"href":"https:\/\/afpca.fr\/site\/wp-json\/wp\/v2\/pages\/41","targetHints":{"allow":["GET"]}}],"collection":[{"href":"https:\/\/afpca.fr\/site\/wp-json\/wp\/v2\/pages"}],"about":[{"href":"https:\/\/afpca.fr\/site\/wp-json\/wp\/v2\/types\/page"}],"author":[{"embeddable":true,"href":"https:\/\/afpca.fr\/site\/wp-json\/wp\/v2\/users\/10"}],"replies":[{"embeddable":true,"href":"https:\/\/afpca.fr\/site\/wp-json\/wp\/v2\/comments?post=41"}],"version-history":[{"count":0,"href":"https:\/\/afpca.fr\/site\/wp-json\/wp\/v2\/pages\/41\/revisions"}],"wp:attachment":[{"href":"https:\/\/afpca.fr\/site\/wp-json\/wp\/v2\/media?parent=41"}],"curies":[{"name":"wp","href":"https:\/\/api.w.org\/{rel}","templated":true}]}}

Mot de la Présidente

<div data-elementor-type="wp-page" data-elementor-id="41" class="elementor elementor-41">
						<section class="elementor-section elementor-top-section elementor-element elementor-element-573853a8 elementor-section-boxed elementor-section-height-default elementor-section-height-default" data-id="573853a8" data-element_type="section" data-e-type="section">
						<div class="elementor-container elementor-column-gap-default">
					<div class="elementor-column elementor-col-100 elementor-top-column elementor-element elementor-element-58135ef5" data-id="58135ef5" data-element_type="column" data-e-type="column">
			<div class="elementor-widget-wrap elementor-element-populated">
						<div class="elementor-element elementor-element-12e415eb elementor-widget elementor-widget-text-editor" data-id="12e415eb" data-element_type="widget" data-e-type="widget" data-widget_type="text-editor.default">
				<div class="elementor-widget-container">
									<p>En 2007, Gilbert FUZILLIER, Christiane KARAKOGLOU et un petit groupe de malades, soutenus par d’éminents médecins décident de créer l’AFPCA.</p>
<p>Depuis, l’association n’a cessé d’évoluer, elle est aujourd’hui riche d’un bureau composé de dix membres, tous bénévoles. Leur travail acharné, leur enthousiasme et leur dynamisme a permis de développer de nouveaux moyens de communication (site Internet, groupe Facebook, page Instagram, feuillet trimestriel).</p>
<p>L’AFPCA s’est également dotée d’un conseil scientifique présidé par le professeur Jean-Charles PIETTE et regroupant des professionnels de plusieurs centres de références et de compétences.</p>
<p>Notre association est forte de ses adhérents et donateurs, toujours plus nombreux au fil des ans et ensemble, je suis convaincue que nous pourrons continuer à construire un avenir meilleur pour les malades et à faire avancer plus vite la recherche.</p>
<p>Alors, en mémoire de notre président fondateur, je reprends un message d’hier, le sien, à nos adhérents anciens et nouveaux :</p>
<p style="text-align: justify;"><strong>«&nbsp;Ensemble, essayons de faire quelque chose&nbsp;» !<br></strong></p>
<p>La présidente,</p>
<p>Pascale GOUTTE</p>
<p><img decoding="async" class="alignnone wp-image-2829" src="https://afpca.fr/site/wp-content/uploads/2023/11/Capture.png" alt="" width="121" height="145"></p>
<p style="text-align: justify;">
</p>								</div>
				</div>
					</div>
		</div>
					</div>
		</section>
				</div>

<p>En 2007, Gilbert FUZILLIER, Christiane KARAKOGLOU et un petit groupe de malades, soutenus par d’éminents médecins décident de créer l’AFPCA. Depuis, l’association n’a cessé d’évoluer, elle est aujourd’hui riche d’un bureau composé de dix membres, tous bénévoles. Leur travail acharné, leur enthousiasme et leur dynamisme a permis de développer de nouveaux moyens de communication (site [&hellip;]</p>

<!-- This site is optimized with the Yoast SEO plugin v27.4 - https://yoast.com/product/yoast-seo-wordpress/ -->
<title>Mot de la Présidente - Association Francophone Contre La Polychondrite Chronique Atrophiante</title>
<meta name="description" content="Mot de la présidente de l&#039;AFPCA" />
<meta name="robots" content="index, follow, max-snippet:-1, max-image-preview:large, max-video-preview:-1" />
<link rel="canonical" href="https://afpca.fr/site/mot-du-president/" />
<meta property="og:locale" content="fr_FR" />
<meta property="og:type" content="article" />
<meta property="og:title" content="Mot de la Présidente - Association Francophone Contre La Polychondrite Chronique Atrophiante" />
<meta property="og:description" content="Mot de la présidente de l&#039;AFPCA" />
<meta property="og:url" content="https://afpca.fr/site/mot-du-president/" />
<meta property="og:site_name" content="Association Francophone Contre La Polychondrite Chronique Atrophiante" />
<meta property="article:publisher" content="https://www.facebook.com/groups/42710644010" />
<meta property="article:modified_time" content="2023-12-18T14:33:11+00:00" />
<meta property="og:image" content="https://afpca.fr/site/wp-content/uploads/2023/11/Capture.png" />
<meta name="twitter:card" content="summary_large_image" />
<meta name="twitter:label1" content="Durée de lecture estimée" />
	<meta name="twitter:data1" content="1 minute" />
<script type="application/ld+json" class="yoast-schema-graph">{"@context":"https:\/\/schema.org","@graph":[{"@type":"WebPage","@id":"https:\/\/afpca.fr\/site\/mot-du-president\/","url":"https:\/\/afpca.fr\/site\/mot-du-president\/","name":"Mot de la Présidente - Association Francophone Contre La Polychondrite Chronique Atrophiante","isPartOf":{"@id":"https:\/\/afpca.fr\/site\/#website"},"primaryImageOfPage":{"@id":"https:\/\/afpca.fr\/site\/mot-du-president\/#primaryimage"},"image":{"@id":"https:\/\/afpca.fr\/site\/mot-du-president\/#primaryimage"},"thumbnailUrl":"https:\/\/afpca.fr\/site\/wp-content\/uploads\/2023\/11\/Capture.png","datePublished":"2021-03-11T13:13:22+00:00","dateModified":"2023-12-18T14:33:11+00:00","description":"Mot de la présidente de l'AFPCA","breadcrumb":{"@id":"https:\/\/afpca.fr\/site\/mot-du-president\/#breadcrumb"},"inLanguage":"fr-FR","potentialAction":[{"@type":"ReadAction","target":["https:\/\/afpca.fr\/site\/mot-du-president\/"]}]},{"@type":"ImageObject","inLanguage":"fr-FR","@id":"https:\/\/afpca.fr\/site\/mot-du-president\/#primaryimage","url":"https:\/\/afpca.fr\/site\/wp-content\/uploads\/2023\/11\/Capture.png","contentUrl":"https:\/\/afpca.fr\/site\/wp-content\/uploads\/2023\/11\/Capture.png","width":199,"height":239},{"@type":"BreadcrumbList","@id":"https:\/\/afpca.fr\/site\/mot-du-president\/#breadcrumb","itemListElement":[{"@type":"ListItem","position":1,"name":"Accueil","item":"https:\/\/afpca.fr\/site\/"},{"@type":"ListItem","position":2,"name":"Mot de la Présidente"}]},{"@type":"WebSite","@id":"https:\/\/afpca.fr\/site\/#website","url":"https:\/\/afpca.fr\/site\/","name":"Association Francophone Contre La Polychondrite Chronique Atrophiante","description":"Association Francophone Contre La Polychondrite Chronique Atrophiante","publisher":{"@id":"https:\/\/afpca.fr\/site\/#organization"},"potentialAction":[{"@type":"SearchAction","target":{"@type":"EntryPoint","urlTemplate":"https:\/\/afpca.fr\/site\/?s={search_term_string}"},"query-input":{"@type":"PropertyValueSpecification","valueRequired":true,"valueName":"search_term_string"}}],"inLanguage":"fr-FR"},{"@type":"Organization","@id":"https:\/\/afpca.fr\/site\/#organization","name":"Association Francophone Contre La Polychondrite Chronique Atrophiante","url":"https:\/\/afpca.fr\/site\/","logo":{"@type":"ImageObject","inLanguage":"fr-FR","@id":"https:\/\/afpca.fr\/site\/#\/schema\/logo\/image\/","url":"https:\/\/afpca.fr\/site\/wp-content\/uploads\/2023\/05\/LOGO_afpca.png","contentUrl":"https:\/\/afpca.fr\/site\/wp-content\/uploads\/2023\/05\/LOGO_afpca.png","width":184,"height":184,"caption":"Association Francophone Contre La Polychondrite Chronique Atrophiante"},"image":{"@id":"https:\/\/afpca.fr\/site\/#\/schema\/logo\/image\/"},"sameAs":["https:\/\/www.facebook.com\/groups\/42710644010"]}]}</script>
<!-- / Yoast SEO plugin. -->

Mot de la Présidente - Association Francophone Contre La Polychondrite Chronique Atrophiante

Mot de la présidente de l'AFPCA
