{"id":506,"date":"2021-03-11T14:43:23","date_gmt":"2021-03-11T13:43:23","guid":{"rendered":"http:\/\/afpcahome\/site\/?page_id=506"},"modified":"2024-05-07T13:01:07","modified_gmt":"2024-05-07T11:01:07","slug":"les-corticoides","status":"publish","type":"page","link":"https:\/\/afpca.fr\/site\/les-corticoides\/","title":{"rendered":"Les Cortico\u00efdes"},"content":{"rendered":"\t\t<div data-elementor-type=\"wp-page\" data-elementor-id=\"506\" class=\"elementor elementor-506\">\n\t\t\t\t\t\t<section class=\"elementor-section elementor-top-section elementor-element elementor-element-0578e53 elementor-section-boxed elementor-section-height-default elementor-section-height-default\" data-id=\"0578e53\" data-element_type=\"section\" data-e-type=\"section\">\n\t\t\t\t\t\t<div class=\"elementor-container elementor-column-gap-default\">\n\t\t\t\t\t<div class=\"elementor-column elementor-col-100 elementor-top-column elementor-element elementor-element-dfb6bc4\" data-id=\"dfb6bc4\" data-element_type=\"column\" data-e-type=\"column\">\n\t\t\t<div class=\"elementor-widget-wrap elementor-element-populated\">\n\t\t\t\t\t\t<div class=\"elementor-element elementor-element-38fbd46 elementor-widget elementor-widget-text-editor\" data-id=\"38fbd46\" data-element_type=\"widget\" data-e-type=\"widget\" data-widget_type=\"text-editor.default\">\n\t\t\t\t<div class=\"elementor-widget-container\">\n\t\t\t\t\t\t\t\t\t<p>L&#8217; action des cortico\u00efdes est antalgique, anti-inflammatoire et immunosuppressive. Elle est identique \u00e0 celle des hormones cortico\u00efdes naturelles produites par les glandes surr\u00e9nales (cortisol).<\/p>\t\t\t\t\t\t\t\t<\/div>\n\t\t\t\t<\/div>\n\t\t\t\t<div class=\"elementor-element elementor-element-0ac635b elementor-widget elementor-widget-image\" data-id=\"0ac635b\" data-element_type=\"widget\" data-e-type=\"widget\" data-widget_type=\"image.default\">\n\t\t\t\t<div class=\"elementor-widget-container\">\n\t\t\t\t\t\t\t\t\t\t\t\t\t\t\t<img decoding=\"async\" src=\"https:\/\/afpca.fr\/site\/wp-content\/uploads\/elementor\/thumbs\/thermometer-1539191_1920-p42aza9x9eecq3l9tw4zl7a2gsljhommyfd0sh2bw8.jpg\" title=\"thermometer-1539191_1920\" alt=\"thermometer-1539191_1920\" loading=\"lazy\" \/>\t\t\t\t\t\t\t\t\t\t\t\t\t\t\t<\/div>\n\t\t\t\t<\/div>\n\t\t\t\t<div class=\"elementor-element elementor-element-48ec7cb elementor-widget elementor-widget-heading\" data-id=\"48ec7cb\" data-element_type=\"widget\" data-e-type=\"widget\" data-widget_type=\"heading.default\">\n\t\t\t\t<div class=\"elementor-widget-container\">\n\t\t\t\t\t<h2 class=\"elementor-heading-title elementor-size-medium\">La pr\u00e9dnisone<\/h2>\t\t\t\t<\/div>\n\t\t\t\t<\/div>\n\t\t\t\t<div class=\"elementor-element elementor-element-7478c10 elementor-widget elementor-widget-text-editor\" data-id=\"7478c10\" data-element_type=\"widget\" data-e-type=\"widget\" data-widget_type=\"text-editor.default\">\n\t\t\t\t<div class=\"elementor-widget-container\">\n\t\t\t\t\t\t\t\t\t<p data-elementor-setting-key=\"title\" data-pen-placeholder=\"\u00c9crivez ici...\">C&#8217;est le traitement de base de la PCA et de nombreuses autres maladies inflammatoires et auto-immunes.<\/p><h5 style=\"font-family: var( --e-global-typography-primary-font-family ), Sans-serif; font-style: normal; color: var( --e-global-color-primary );\" data-elementor-setting-key=\"title\" data-pen-placeholder=\"\u00c9crivez ici...\"><span style=\"color: black; font-size: 15px;\">Administr\u00e9e par voie orale\u00a0: comprim\u00e9s dos\u00e9s \u00a0\u00e0 1mg, 5 mg et 20 mg.<\/span><\/h5><p>Le dosage en p\u00e9riode de pouss\u00e9e est de 1 mg\/kg\/jour pour les adultes. Et la dose d\u2019entretien est de 0.25 mg\/kg\/jour. Ce traitement varie en fonction du poids de l\u2019individu, mais aussi de la s\u00e9v\u00e9rit\u00e9 de la pouss\u00e9e et de l\u2019organe impliqu\u00e9. Il peut \u00eatre prescrit pendant des mois ou des ann\u00e9es et d\u00e9pend de l\u2019\u00e9volution de la maladie.<\/p><p>Son efficacit\u00e9 est reconnue dans les chondrites, l\u2019atteinte poly-articulaire, oculaire, laryngo-trach\u00e9ale, r\u00e9nale ou neurologique.<\/p><p>Quelques r\u00e8gles importantes \u00e0 respecter par les patients sous prednisone\u00a0:<\/p><p>Ne jamais augmenter ou diminuer le dosage sans approbation du m\u00e9decin.<\/p><p>Ne jamais arr\u00eater brutalement de prendre ce m\u00e9dicament. Bien souvent la production naturelle par les glandes surr\u00e9nales (inhib\u00e9e par la corticoth\u00e9rapie au long cours) peut ne pas red\u00e9marrer correctement. Un arr\u00eat brutal peut donc mettre la vie en danger et provoquer \u00a0par ailleurs une pouss\u00e9e de PCA en cas de corticod\u00e9pendance.<\/p><p>Suivre un r\u00e9gime alimentaire sans sel et sans sucre.<\/p><p>Les effets secondaires\u00a0possibles de la Prednisone,\u00a0notamment \u00e0 forte dose et au long cours, sont pris en compte tant dans le r\u00e9gime alimentaire et dans les apports destin\u00e9s \u00e0 compenser certaines carences induites, qu\u2019en fonction des ant\u00e9c\u00e9dents m\u00e9dicaux (hypertension art\u00e9rielle, cataracte, ulc\u00e8re, diab\u00e8te, d\u00e9ficit immunitaire, infection grave r\u00e9cente\u2026.) et des possibles interactions m\u00e9dicamenteuses.<\/p><p>Ils sont nombreux\u00a0: hypertension, diab\u00e8te, ost\u00e9oporose, glaucome, excitation et troubles du sommeil, gonflement et rougeur du visage, prise de poids, ecchymoses faciles, perte de masse musculaire, aggravation d\u2019un ulc\u00e8re, d\u2019un \u00e9tat d\u00e9pressif, d\u2019un d\u00e9ficit immunitaire, acn\u00e9\u2026<\/p>\t\t\t\t\t\t\t\t<\/div>\n\t\t\t\t<\/div>\n\t\t\t\t<div class=\"elementor-element elementor-element-7a92bb8 elementor-widget elementor-widget-heading\" data-id=\"7a92bb8\" data-element_type=\"widget\" data-e-type=\"widget\" data-widget_type=\"heading.default\">\n\t\t\t\t<div class=\"elementor-widget-container\">\n\t\t\t\t\t<h2 class=\"elementor-heading-title elementor-size-medium\">La Methylprednosolone\n\n<\/h2>\t\t\t\t<\/div>\n\t\t\t\t<\/div>\n\t\t\t\t<div class=\"elementor-element elementor-element-a45754c elementor-widget elementor-widget-text-editor\" data-id=\"a45754c\" data-element_type=\"widget\" data-e-type=\"widget\" data-widget_type=\"text-editor.default\">\n\t\t\t\t<div class=\"elementor-widget-container\">\n\t\t\t\t\t\t\t\t\t<p>Elle&nbsp;est administr\u00e9e en bolus de 500mg \u00e0 1g par perfusion et par jour, jusqu\u2019\u00e0 3 jours d\u2019affil\u00e9s en fonction de la s\u00e9v\u00e9rit\u00e9 de la pouss\u00e9e ou pour \u00e9viter certains effets secondaires et la corticod\u00e9pendance. La Prednisone est le traitement relais (oral) pris sur la base de 1 mg\/kg\/jour, en moyenne, dans un contexte de pouss\u00e9e, ou \u00e0 des doses plus faibles dans la seconde \u00e9ventualit\u00e9.<\/p>\n<p><span style=\"font-size: 15px;\">Les m\u00e9decins cherchent \u00e0 trouver la dose d\u2019entretien la plus faible efficace (dose \u00ab&nbsp;seuil&nbsp;\u00bb) pour \u00e9viter les effets secondaires et la corticod\u00e9pendance.<\/span><\/p>\t\t\t\t\t\t\t\t<\/div>\n\t\t\t\t<\/div>\n\t\t\t\t<div class=\"elementor-element elementor-element-679fc31 elementor-widget elementor-widget-text-editor\" data-id=\"679fc31\" data-element_type=\"widget\" data-e-type=\"widget\" data-widget_type=\"text-editor.default\">\n\t\t\t\t<div class=\"elementor-widget-container\">\n\t\t\t\t\t\t\t\t\t<p class=\"Style76\" align=\"center\"><strong>L\u2019information fournie sur ce site est destin\u00e9e \u00e0 faciliter la relation qui existe entre le patient et son m\u00e9decin, pas \u00e0 la remplacer.<\/strong><\/p>\t\t\t\t\t\t\t\t<\/div>\n\t\t\t\t<\/div>\n\t\t\t\t\t<\/div>\n\t\t<\/div>\n\t\t\t\t\t<\/div>\n\t\t<\/section>\n\t\t\t\t<section class=\"elementor-section elementor-top-section elementor-element elementor-element-59c5dd7 elementor-section-boxed elementor-section-height-default elementor-section-height-default\" data-id=\"59c5dd7\" data-element_type=\"section\" data-e-type=\"section\">\n\t\t\t\t\t\t<div class=\"elementor-container elementor-column-gap-default\">\n\t\t\t\t\t<div class=\"elementor-column elementor-col-100 elementor-top-column elementor-element elementor-element-aecf8c5\" data-id=\"aecf8c5\" data-element_type=\"column\" data-e-type=\"column\">\n\t\t\t<div class=\"elementor-widget-wrap elementor-element-populated\">\n\t\t\t\t\t\t<div class=\"elementor-element elementor-element-13afcee elementor-widget elementor-widget-text-editor\" data-id=\"13afcee\" data-element_type=\"widget\" data-e-type=\"widget\" data-widget_type=\"text-editor.default\">\n\t\t\t\t<div class=\"elementor-widget-container\">\n\t\t\t\t\t\t\t\t\t<p>D\u00e9couvrez les autres types de traitements possibles :<\/p>\t\t\t\t\t\t\t\t<\/div>\n\t\t\t\t<\/div>\n\t\t\t\t<div class=\"elementor-element elementor-element-62838d0 elementor-align-center elementor-widget__width-initial elementor-widget elementor-widget-button\" data-id=\"62838d0\" data-element_type=\"widget\" data-e-type=\"widget\" data-widget_type=\"button.default\">\n\t\t\t\t<div class=\"elementor-widget-container\">\n\t\t\t\t\t\t\t\t\t<div class=\"elementor-button-wrapper\">\n\t\t\t\t\t<a class=\"elementor-button elementor-button-link elementor-size-sm elementor-animation-grow\" href=\"https:\/\/afpca.fr\/site\/?page_id=510\">\n\t\t\t\t\t\t<span class=\"elementor-button-content-wrapper\">\n\t\t\t\t\t\t\t\t\t<span class=\"elementor-button-text\">Anti-Inflammatoires<\/span>\n\t\t\t\t\t<\/span>\n\t\t\t\t\t<\/a>\n\t\t\t\t<\/div>\n\t\t\t\t\t\t\t\t<\/div>\n\t\t\t\t<\/div>\n\t\t\t\t<div class=\"elementor-element elementor-element-f11bc68 elementor-align-center elementor-widget__width-initial elementor-widget elementor-widget-button\" data-id=\"f11bc68\" data-element_type=\"widget\" data-e-type=\"widget\" data-widget_type=\"button.default\">\n\t\t\t\t<div class=\"elementor-widget-container\">\n\t\t\t\t\t\t\t\t\t<div class=\"elementor-button-wrapper\">\n\t\t\t\t\t<a class=\"elementor-button elementor-button-link elementor-size-sm elementor-animation-grow\" href=\"https:\/\/afpca.fr\/site\/?page_id=714\">\n\t\t\t\t\t\t<span class=\"elementor-button-content-wrapper\">\n\t\t\t\t\t\t\t\t\t<span class=\"elementor-button-text\">Immuno-suppresseurs<\/span>\n\t\t\t\t\t<\/span>\n\t\t\t\t\t<\/a>\n\t\t\t\t<\/div>\n\t\t\t\t\t\t\t\t<\/div>\n\t\t\t\t<\/div>\n\t\t\t\t<div class=\"elementor-element elementor-element-82a91d9 elementor-align-center elementor-widget__width-initial elementor-widget elementor-widget-button\" data-id=\"82a91d9\" data-element_type=\"widget\" data-e-type=\"widget\" data-widget_type=\"button.default\">\n\t\t\t\t<div class=\"elementor-widget-container\">\n\t\t\t\t\t\t\t\t\t<div class=\"elementor-button-wrapper\">\n\t\t\t\t\t<a class=\"elementor-button elementor-button-link elementor-size-sm elementor-animation-grow\" href=\"https:\/\/afpca.fr\/site\/?page_id=713\">\n\t\t\t\t\t\t<span class=\"elementor-button-content-wrapper\">\n\t\t\t\t\t\t\t\t\t<span class=\"elementor-button-text\">Autres<\/span>\n\t\t\t\t\t<\/span>\n\t\t\t\t\t<\/a>\n\t\t\t\t<\/div>\n\t\t\t\t\t\t\t\t<\/div>\n\t\t\t\t<\/div>\n\t\t\t\t\t<\/div>\n\t\t<\/div>\n\t\t\t\t\t<\/div>\n\t\t<\/section>\n\t\t\t\t<\/div>\n\t\t","protected":false},"excerpt":{"rendered":"<p>L&#8217; action des cortico\u00efdes est antalgique, anti-inflammatoire et immunosuppressive. Elle est identique \u00e0 celle des hormones cortico\u00efdes naturelles produites par les glandes surr\u00e9nales (cortisol). La pr\u00e9dnisone C&#8217;est le traitement de base de la PCA et de nombreuses autres maladies inflammatoires et auto-immunes. Administr\u00e9e par voie orale\u00a0: comprim\u00e9s dos\u00e9s \u00a0\u00e0 1mg, 5 mg et 20 mg. [&hellip;]<\/p>\n","protected":false},"author":10,"featured_media":0,"parent":0,"menu_order":0,"comment_status":"closed","ping_status":"closed","template":"","meta":{"footnotes":""},"class_list":["post-506","page","type-page","status-publish","hentry","post"],"yoast_head":"<!-- This site is optimized with the Yoast SEO plugin v27.5 - https:\/\/yoast.com\/product\/yoast-seo-wordpress\/ -->\n<title>Les Cortico\u00efdes - Association Francophone Contre La Polychondrite Chronique Atrophiante<\/title>\n<meta name=\"description\" content=\"la plupart des personnes atteintes de polychondrite chronique atrophiante re\u00e7oivent une dose de cortico\u00efde, la prednisone, qui est r\u00e9duite progressivement au fur et \u00e0 mesure de la diminution des sympt\u00f4mes.\" \/>\n<meta name=\"robots\" content=\"index, follow, max-snippet:-1, max-image-preview:large, max-video-preview:-1\" \/>\n<link rel=\"canonical\" href=\"https:\/\/afpca.fr\/site\/les-corticoides\/\" \/>\n<meta property=\"og:locale\" content=\"fr_FR\" \/>\n<meta property=\"og:type\" content=\"article\" \/>\n<meta property=\"og:title\" content=\"Les Cortico\u00efdes - Association Francophone Contre La Polychondrite Chronique Atrophiante\" \/>\n<meta property=\"og:description\" content=\"la plupart des personnes atteintes de polychondrite chronique atrophiante re\u00e7oivent une dose de cortico\u00efde, la prednisone, qui est r\u00e9duite progressivement au fur et \u00e0 mesure de la diminution des sympt\u00f4mes.\" \/>\n<meta property=\"og:url\" content=\"https:\/\/afpca.fr\/site\/les-corticoides\/\" \/>\n<meta property=\"og:site_name\" content=\"Association Francophone Contre La Polychondrite Chronique Atrophiante\" \/>\n<meta property=\"article:publisher\" content=\"https:\/\/www.facebook.com\/groups\/42710644010\" \/>\n<meta property=\"article:modified_time\" content=\"2024-05-07T11:01:07+00:00\" \/>\n<meta property=\"og:image\" content=\"https:\/\/afpca.fr\/site\/wp-content\/uploads\/elementor\/thumbs\/thermometer-1539191_1920-p42aza9x9eecq3l9tw4zl7a2gsljhommyfd0sh2bw8.jpg\" \/>\n<meta name=\"twitter:card\" content=\"summary_large_image\" \/>\n<meta name=\"twitter:label1\" content=\"Dur\u00e9e de lecture estim\u00e9e\" \/>\n\t<meta name=\"twitter:data1\" content=\"2 minutes\" \/>\n<script type=\"application\/ld+json\" class=\"yoast-schema-graph\">{\"@context\":\"https:\\\/\\\/schema.org\",\"@graph\":[{\"@type\":[\"WebPage\",\"MedicalWebPage\"],\"@id\":\"https:\\\/\\\/afpca.fr\\\/site\\\/les-corticoides\\\/\",\"url\":\"https:\\\/\\\/afpca.fr\\\/site\\\/les-corticoides\\\/\",\"name\":\"Les Cortico\u00efdes - Association Francophone Contre La Polychondrite Chronique Atrophiante\",\"isPartOf\":{\"@id\":\"https:\\\/\\\/afpca.fr\\\/site\\\/#website\"},\"primaryImageOfPage\":{\"@id\":\"https:\\\/\\\/afpca.fr\\\/site\\\/les-corticoides\\\/#primaryimage\"},\"image\":{\"@id\":\"https:\\\/\\\/afpca.fr\\\/site\\\/les-corticoides\\\/#primaryimage\"},\"thumbnailUrl\":\"https:\\\/\\\/afpca.fr\\\/site\\\/wp-content\\\/uploads\\\/elementor\\\/thumbs\\\/thermometer-1539191_1920-p42aza9x9eecq3l9tw4zl7a2gsljhommyfd0sh2bw8.jpg\",\"datePublished\":\"2021-03-11T13:43:23+00:00\",\"dateModified\":\"2024-05-07T11:01:07+00:00\",\"description\":\"la plupart des personnes atteintes de polychondrite chronique atrophiante re\u00e7oivent une dose de cortico\u00efde, la prednisone, qui est r\u00e9duite progressivement au fur et \u00e0 mesure de la diminution des sympt\u00f4mes.\",\"breadcrumb\":{\"@id\":\"https:\\\/\\\/afpca.fr\\\/site\\\/les-corticoides\\\/#breadcrumb\"},\"inLanguage\":\"fr-FR\",\"potentialAction\":[{\"@type\":\"ReadAction\",\"target\":[\"https:\\\/\\\/afpca.fr\\\/site\\\/les-corticoides\\\/\"]}]},{\"@type\":\"ImageObject\",\"inLanguage\":\"fr-FR\",\"@id\":\"https:\\\/\\\/afpca.fr\\\/site\\\/les-corticoides\\\/#primaryimage\",\"url\":\"https:\\\/\\\/afpca.fr\\\/site\\\/wp-content\\\/uploads\\\/elementor\\\/thumbs\\\/thermometer-1539191_1920-p42aza9x9eecq3l9tw4zl7a2gsljhommyfd0sh2bw8.jpg\",\"contentUrl\":\"https:\\\/\\\/afpca.fr\\\/site\\\/wp-content\\\/uploads\\\/elementor\\\/thumbs\\\/thermometer-1539191_1920-p42aza9x9eecq3l9tw4zl7a2gsljhommyfd0sh2bw8.jpg\"},{\"@type\":\"BreadcrumbList\",\"@id\":\"https:\\\/\\\/afpca.fr\\\/site\\\/les-corticoides\\\/#breadcrumb\",\"itemListElement\":[{\"@type\":\"ListItem\",\"position\":1,\"name\":\"Accueil\",\"item\":\"https:\\\/\\\/afpca.fr\\\/site\\\/\"},{\"@type\":\"ListItem\",\"position\":2,\"name\":\"Les Cortico\u00efdes\"}]},{\"@type\":\"WebSite\",\"@id\":\"https:\\\/\\\/afpca.fr\\\/site\\\/#website\",\"url\":\"https:\\\/\\\/afpca.fr\\\/site\\\/\",\"name\":\"Association Francophone Contre La Polychondrite Chronique Atrophiante\",\"description\":\"Association Francophone Contre La Polychondrite Chronique Atrophiante\",\"publisher\":{\"@id\":\"https:\\\/\\\/afpca.fr\\\/site\\\/#organization\"},\"potentialAction\":[{\"@type\":\"SearchAction\",\"target\":{\"@type\":\"EntryPoint\",\"urlTemplate\":\"https:\\\/\\\/afpca.fr\\\/site\\\/?s={search_term_string}\"},\"query-input\":{\"@type\":\"PropertyValueSpecification\",\"valueRequired\":true,\"valueName\":\"search_term_string\"}}],\"inLanguage\":\"fr-FR\"},{\"@type\":\"Organization\",\"@id\":\"https:\\\/\\\/afpca.fr\\\/site\\\/#organization\",\"name\":\"Association Francophone Contre La Polychondrite Chronique Atrophiante\",\"url\":\"https:\\\/\\\/afpca.fr\\\/site\\\/\",\"logo\":{\"@type\":\"ImageObject\",\"inLanguage\":\"fr-FR\",\"@id\":\"https:\\\/\\\/afpca.fr\\\/site\\\/#\\\/schema\\\/logo\\\/image\\\/\",\"url\":\"https:\\\/\\\/afpca.fr\\\/site\\\/wp-content\\\/uploads\\\/2023\\\/05\\\/LOGO_afpca.png\",\"contentUrl\":\"https:\\\/\\\/afpca.fr\\\/site\\\/wp-content\\\/uploads\\\/2023\\\/05\\\/LOGO_afpca.png\",\"width\":184,\"height\":184,\"caption\":\"Association Francophone Contre La Polychondrite Chronique Atrophiante\"},\"image\":{\"@id\":\"https:\\\/\\\/afpca.fr\\\/site\\\/#\\\/schema\\\/logo\\\/image\\\/\"},\"sameAs\":[\"https:\\\/\\\/www.facebook.com\\\/groups\\\/42710644010\"]}]}<\/script>\n<!-- \/ Yoast SEO plugin. -->","yoast_head_json":{"title":"Les Cortico\u00efdes - Association Francophone Contre La Polychondrite Chronique Atrophiante","description":"la plupart des personnes atteintes de polychondrite chronique atrophiante re\u00e7oivent une dose de cortico\u00efde, la prednisone, qui est r\u00e9duite progressivement au fur et \u00e0 mesure de la diminution des sympt\u00f4mes.","robots":{"index":"index","follow":"follow","max-snippet":"max-snippet:-1","max-image-preview":"max-image-preview:large","max-video-preview":"max-video-preview:-1"},"canonical":"https:\/\/afpca.fr\/site\/les-corticoides\/","og_locale":"fr_FR","og_type":"article","og_title":"Les Cortico\u00efdes - Association Francophone Contre La Polychondrite Chronique Atrophiante","og_description":"la plupart des personnes atteintes de polychondrite chronique atrophiante re\u00e7oivent une dose de cortico\u00efde, la prednisone, qui est r\u00e9duite progressivement au fur et \u00e0 mesure de la diminution des sympt\u00f4mes.","og_url":"https:\/\/afpca.fr\/site\/les-corticoides\/","og_site_name":"Association Francophone Contre La Polychondrite Chronique Atrophiante","article_publisher":"https:\/\/www.facebook.com\/groups\/42710644010","article_modified_time":"2024-05-07T11:01:07+00:00","og_image":[{"url":"https:\/\/afpca.fr\/site\/wp-content\/uploads\/elementor\/thumbs\/thermometer-1539191_1920-p42aza9x9eecq3l9tw4zl7a2gsljhommyfd0sh2bw8.jpg","type":"","width":"","height":""}],"twitter_card":"summary_large_image","twitter_misc":{"Dur\u00e9e de lecture estim\u00e9e":"2 minutes"},"schema":{"@context":"https:\/\/schema.org","@graph":[{"@type":["WebPage","MedicalWebPage"],"@id":"https:\/\/afpca.fr\/site\/les-corticoides\/","url":"https:\/\/afpca.fr\/site\/les-corticoides\/","name":"Les Cortico\u00efdes - Association Francophone Contre La Polychondrite Chronique Atrophiante","isPartOf":{"@id":"https:\/\/afpca.fr\/site\/#website"},"primaryImageOfPage":{"@id":"https:\/\/afpca.fr\/site\/les-corticoides\/#primaryimage"},"image":{"@id":"https:\/\/afpca.fr\/site\/les-corticoides\/#primaryimage"},"thumbnailUrl":"https:\/\/afpca.fr\/site\/wp-content\/uploads\/elementor\/thumbs\/thermometer-1539191_1920-p42aza9x9eecq3l9tw4zl7a2gsljhommyfd0sh2bw8.jpg","datePublished":"2021-03-11T13:43:23+00:00","dateModified":"2024-05-07T11:01:07+00:00","description":"la plupart des personnes atteintes de polychondrite chronique atrophiante re\u00e7oivent une dose de cortico\u00efde, la prednisone, qui est r\u00e9duite progressivement au fur et \u00e0 mesure de la diminution des sympt\u00f4mes.","breadcrumb":{"@id":"https:\/\/afpca.fr\/site\/les-corticoides\/#breadcrumb"},"inLanguage":"fr-FR","potentialAction":[{"@type":"ReadAction","target":["https:\/\/afpca.fr\/site\/les-corticoides\/"]}]},{"@type":"ImageObject","inLanguage":"fr-FR","@id":"https:\/\/afpca.fr\/site\/les-corticoides\/#primaryimage","url":"https:\/\/afpca.fr\/site\/wp-content\/uploads\/elementor\/thumbs\/thermometer-1539191_1920-p42aza9x9eecq3l9tw4zl7a2gsljhommyfd0sh2bw8.jpg","contentUrl":"https:\/\/afpca.fr\/site\/wp-content\/uploads\/elementor\/thumbs\/thermometer-1539191_1920-p42aza9x9eecq3l9tw4zl7a2gsljhommyfd0sh2bw8.jpg"},{"@type":"BreadcrumbList","@id":"https:\/\/afpca.fr\/site\/les-corticoides\/#breadcrumb","itemListElement":[{"@type":"ListItem","position":1,"name":"Accueil","item":"https:\/\/afpca.fr\/site\/"},{"@type":"ListItem","position":2,"name":"Les Cortico\u00efdes"}]},{"@type":"WebSite","@id":"https:\/\/afpca.fr\/site\/#website","url":"https:\/\/afpca.fr\/site\/","name":"Association Francophone Contre La Polychondrite Chronique Atrophiante","description":"Association Francophone Contre La Polychondrite Chronique Atrophiante","publisher":{"@id":"https:\/\/afpca.fr\/site\/#organization"},"potentialAction":[{"@type":"SearchAction","target":{"@type":"EntryPoint","urlTemplate":"https:\/\/afpca.fr\/site\/?s={search_term_string}"},"query-input":{"@type":"PropertyValueSpecification","valueRequired":true,"valueName":"search_term_string"}}],"inLanguage":"fr-FR"},{"@type":"Organization","@id":"https:\/\/afpca.fr\/site\/#organization","name":"Association Francophone Contre La Polychondrite Chronique Atrophiante","url":"https:\/\/afpca.fr\/site\/","logo":{"@type":"ImageObject","inLanguage":"fr-FR","@id":"https:\/\/afpca.fr\/site\/#\/schema\/logo\/image\/","url":"https:\/\/afpca.fr\/site\/wp-content\/uploads\/2023\/05\/LOGO_afpca.png","contentUrl":"https:\/\/afpca.fr\/site\/wp-content\/uploads\/2023\/05\/LOGO_afpca.png","width":184,"height":184,"caption":"Association Francophone Contre La Polychondrite Chronique Atrophiante"},"image":{"@id":"https:\/\/afpca.fr\/site\/#\/schema\/logo\/image\/"},"sameAs":["https:\/\/www.facebook.com\/groups\/42710644010"]}]}},"_links":{"self":[{"href":"https:\/\/afpca.fr\/site\/wp-json\/wp\/v2\/pages\/506","targetHints":{"allow":["GET"]}}],"collection":[{"href":"https:\/\/afpca.fr\/site\/wp-json\/wp\/v2\/pages"}],"about":[{"href":"https:\/\/afpca.fr\/site\/wp-json\/wp\/v2\/types\/page"}],"author":[{"embeddable":true,"href":"https:\/\/afpca.fr\/site\/wp-json\/wp\/v2\/users\/10"}],"replies":[{"embeddable":true,"href":"https:\/\/afpca.fr\/site\/wp-json\/wp\/v2\/comments?post=506"}],"version-history":[{"count":2,"href":"https:\/\/afpca.fr\/site\/wp-json\/wp\/v2\/pages\/506\/revisions"}],"predecessor-version":[{"id":3804,"href":"https:\/\/afpca.fr\/site\/wp-json\/wp\/v2\/pages\/506\/revisions\/3804"}],"wp:attachment":[{"href":"https:\/\/afpca.fr\/site\/wp-json\/wp\/v2\/media?parent=506"}],"curies":[{"name":"wp","href":"https:\/\/api.w.org\/{rel}","templated":true}]}}